rd derivative of -h**4/8 - 7*h**3/6 + 3*h**2. Let r be k(-5). Let y be (-4)/14 - 788/(-14). Calculate the greatest common divisor of r and y.
8
Let h(o) = o + 14. Let m = -19 + 10. Let w be h(m). What is the greatest common divisor of 40 and w?
5
Let u(n) = n + 1. Let t be u(4). Let b be (-48)/(-20) - 4/10. Suppose 2 = b*w, -5*w = 3*a - w - 64. Calculate the greatest common factor of t and a.
5
Let x = -4 - -4. Suppose x = 4*m + m - 95. What is the highest common factor of m and 76?
19
Suppose -3*v = 6, -2*v + 34 + 28 = 2*p. What is the greatest common factor of p and 22?
11
Suppose 4*g + 0 = 3*x + 2, 0 = 2*x + 3*g - 10. Suppose -a = -x*y - 3*y + 772, y - 144 = -5*a. Let w = 32 - 18. Calculate the greatest common divisor of y and w.
14
Let o(h) = -h - 9. Suppose 20 = -3*t - 10. Let s be o(t). Calculate the highest common factor of 8 and s.
1
Let i(m) = -12*m + 7. Let g be i(-4). Calculate the greatest common factor of 5 and g.
5
Let p(r) = r + 5. Let f be p(-4). Calculate the greatest common factor of f and 11.
1
Suppose 25 = -2*r + 105. Suppose -4*v + 2*v + 16 = 0. Calculate the highest common factor of r and v.
8
Let o be (33*(-5)/10)/((-2)/4). Calculate the greatest common divisor of 3 and o.
3
Let v = -39 + 40. What is the greatest common divisor of v and 3?
1
Suppose 2*f + 6 = -4*i, -4*i - 23 = -3. Let y be 6*f*1/2. Let w = 24 + -21. What is the greatest common factor of y and w?
3
Suppose -1 = -3*l + 80. What is the greatest common factor of 135 and l?
27
Let h(k) = 2*k**3 - 3*k**2 + k + 1. Suppose 5*u - 10 = 5. Suppose -u*p - 10 = -8*p. Let g be h(p). Calculate the greatest common divisor of 77 and g.
7
Let j(p) be the third derivative of 0 + 1/6*p**3 + 0*p - 1/12*p**4 - p**2 + 13/60*p**5. Let g be j(1). Calculate the greatest common factor of g and 6.
6
Let c = 178 + -127. What is the greatest common factor of c and 3?
3
Suppose -4*n = -0*p - 3*p + 46, 0 = 3*p + 2*n - 58. Suppose -h = -3*k - 15, -2*k = 3 + 1. Calculate the highest common divisor of h and p.
9
Let d(y) = y**2 + y + 3. Let n(r) = -4*r**2. Let x be n(1). Let a be d(x). What is the highest common divisor of a and 15?
15
Let w be (-4)/16 - 290/(-40). Calculate the greatest common divisor of w and 1.
1
Suppose -12*l + 12 = -10*l. Calculate the greatest common divisor of 48 and l.
6
Suppose 3*o + 6 = -i, -4*o = -8*i + 6*i + 18. What is the greatest common factor of i and 21?
3
Let h = 143 + -227. Let z be 3/7 - 14328/h. What is the highest common factor of 19 and z?
19
Let x(s) = -s**3 - 5*s**2 + 5*s + 2. Let w be x(-6). Let j be -3 + (70 - (2 + 1)). Calculate the greatest common factor of w and j.
8
Let d = 187 - 7. Let i = -224 + 244. Calculate the greatest common factor of i and d.
20
Let j be (-2)/(-11) - 2070/(-110). Calculate the greatest common factor of 76 and j.
19
Let y be (-81)/2*(2 + -4). Let p be 2 - (-4 + (-9)/(-3)). Suppose 3*w - 24 = -p*h + 2*h, 11 = 4*h - 5*w. Calculate the highest common factor of h and y.
9
Suppose 3*l - 2*o = 6, 0 = 2*l + 3*o - 7*o - 4. Let q be -4 - (1 + (-15 - -4)). What is the highest common divisor of q and l?
2
Suppose -5*a = -5*z - 195, 0*a - 5*a - 3*z + 155 = 0. Calculate the highest common factor of a and 85.
17
Let l = 23 - 8. Calculate the greatest common divisor of 5 and l.
5
Let t(d) = -d**3 + 10*d**2 + 3*d + 15. Let c be t(10). What is the greatest common divisor of c and 9?
9
Let p be (1 - 0)*-25*-2. What is the highest common divisor of p and 20?
10
Let f = 3 - 1. Suppose f*r + 2*r + 5*v - 57 = 0, 48 = 4*r - 4*v. Let d be 11/(105/(-325) + 4/10). Calculate the greatest common factor of r and d.
13
Let l = -88 + 316. Calculate the greatest common factor of l and 12.
12
Let u be (-3 + 0)/((-12)/8). Let k be u - 4 - (-1 - 2). Suppose 0 = -d + 6 - 3. What is the highest common divisor of d and k?
1
Let w be (-13 - -1)*1/(-2)*3. Calculate the greatest common divisor of 18 and w.
18
Let x(o) = -21*o - 3. Let p be x(-3). Suppose -5*v + 5*z + p = 0, v = -4*z + 5 + 17. Suppose -f = -10 - 4. Calculate the highest common divisor of v and f.
14
Let a(m) = -2*m - 8. Let f be a(-7). Let t = 12 - f. Calculate the highest common factor of 15 and t.
3
Let h(c) = c**3 + 5*c**2 - 2*c + 2. Let o be h(-5). Calculate the greatest common divisor of 60 and o.
12
Let r = 158 - 32. What is the greatest common divisor of 18 and r?
18
Let m(d) = d**3 - 3*d**2 + 5*d - 3. Let f be m(3). Let v(t) = t + 6. Let k be v(0). Let a be 193/2 - k/12. Calculate the highest common factor of a and f.
12
Let c = 75 + -58. What is the highest common factor of 119 and c?
17
Let u(l) = 2*l + 8. Let g be u(7). Calculate the greatest common divisor of 55 and g.
11
Let h(y) = y**3 - 3*y**2 + y. Let b be h(4). Calculate the greatest common divisor of b and 40.
20
Let d be (69 - -1)*162/189. What is the greatest common factor of 90 and d?
30
Let h be ((-34)/6)/((-2)/6). Suppose -100 + 576 = 4*l. Calculate the greatest common factor of h and l.
17
Let r = 52 - -12. Let y = 6 - -10. Calculate the highest common divisor of y and r.
16
Let b(d) = 8*d**2. Let h be b(1). Suppose 6 = 4*o - 6. Let l = o - 1. Calculate the highest common factor of h and l.
2
Suppose 4*v + 2*o - 52 = 0, v - 2*v - 2*o = -13. What is the highest common factor of v and 104?
13
Let z be (-1)/(-2) + (-25)/(-10). Suppose s + 4*s + 126 = z*t, -s = t - 42. Calculate the highest common factor of 28 and t.
14
Let r(b) = -2*b - 9. Let f be r(-6). Let j be -6*(-1)/2*f. What is the highest common divisor of j and 3?
3
Suppose 0 = 4*j - 16, -2*i + 38 = 3*j - 70. Calculate the highest common factor of 12 and i.
12
Let y = 298 - 74. Calculate the highest common divisor of y and 14.
14
Let v be (-8)/(-6) - 8/(-12). Suppose y = v*y. Suppose y = 4*i - 8 - 8. What is the highest common factor of i and 4?
4
Let q = 13 - 21. Let i(v) = -v + 8. Let k be i(q). What is the highest common divisor of k and 80?
16
Let j(t) = t**2 + 10*t + 16. Let a be j(-11). Let y = -19 + a. Calculate the greatest common divisor of 1 and y.
1
Let x(a) = -13*a**3 - 2*a**2 + a + 2. Let z be x(-1). Calculate the highest common factor of z and 24.
12
Let y = 3 - -39. What is the highest common factor of 14 and y?
14
Let d(r) = -6*r + 2. Let s be d(-3). Suppose -5*a + 5*l + s = 0, 0 = -2*a - 5*l - 6. Suppose 0 = a*f + 10 - 58. What is the greatest common factor of 3 and f?
3
Let m(b) = -7*b**3 - b**2 + 2*b - 1. Let d be m(1). Let v = 19 + d. What is the greatest common factor of v and 12?
12
Let y(r) = 7*r**3 + 2*r**2 - 1. Let i be y(-1). Let n be (-15)/(-2) - 3/i. Let w(u) = u - 6. Let z be w(8). What is the greatest common factor of z and n?
2
Let w be 2/4 - (-69)/2. Let x = w - 21. Calculate the highest common divisor of x and 84.
14
Suppose a = 6*a - 105. Calculate the highest common divisor of 63 and a.
21
Suppose 11*x - 5*x = 66. Calculate the greatest common factor of x and 99.
11
Suppose -4*w + 197 = 3*c - 179, 0 = w - 2*c - 83. What is the greatest common factor of w and 13?
13
Let m be 20 + -1 + (-5 - -2). Suppose 5*l - 4*r - 23 = 0, 7*r = -l + 2*r - 7. Suppose l*n = n + m. What is the greatest common divisor of n and 88?
8
Let t = -17 + 23. What is the greatest common factor of t and 4?
2
Suppose 5*i + 33 = 13, 0 = 2*b + 5*i + 14. Suppose 0 = -4*q - 3*y + 23, 3*y = b*q - y + 14. Suppose t = q*t - 56. What is the greatest common factor of t and 8?
8
Let b be 66/8*(-4 - (-100)/5). What is the greatest common factor of 12 and b?
12
Suppose -4*g - 3 = -15. Suppose -z + 3 - 2 = 3*j, -2*j = -g*z - 8. Let q be (-512)/(-12) + z/3. Calculate the greatest common factor of 6 and q.
6
Let s = -16 + 30. What is the greatest common factor of 154 and s?
14
Let s = 8 - 0. Let k be ((-6)/8)/(-3) - (-21)/12. Calculate the highest common divisor of k and s.
2
Let u(o) = -26*o - 4. Let s be u(-4). Let v = s + -60. What is the highest common divisor of v and 100?
20
Suppose 4*p + 13 = l - 35, -p = -4. Let q be (-2)/(-10) + l/5. Suppose 2*w = -q + 85. What is the greatest common factor of w and 12?
12
Let p(b) = b + 6. Let a(y) = y + 14. Let u be a(-7). Let k be p(u). Let t be -3 + k - (-1)/(-1). Calculate the highest common divisor of t and 72.
9
Let r = -28 + 35. What is the greatest common divisor of 35 and r?
7
Let t be (-2 - (-43)/(-1))/(-1). Let n(s)